{"id":98,"date":"2021-04-29T00:36:22","date_gmt":"2021-04-28T21:36:22","guid":{"rendered":"http:\/\/www.simta.com.tr\/yeni\/?post_type=product&#038;p=98"},"modified":"2021-04-29T00:36:22","modified_gmt":"2021-04-28T21:36:22","slug":"charger","status":"publish","type":"product","link":"https:\/\/www.simta.com.tr\/?product=charger","title":{"rendered":"CHARGER"},"content":{"rendered":"<p>Tasar\u0131m, m\u00fchendislik ve stilin kusursuz harman\u0131.<\/p>\n<p>Hayvansal \u00fcretim alan\u0131nda faaliyet g\u00f6steren t\u00fcm i\u015fletmelerin ihtiya\u00e7lar\u0131n\u0131 g\u00f6zeten \u00c7elikel, CHARGER Serisi yem karma makinelerini, 0,75 m3\u2019 ten 52 m3\u2019e kadar farkl\u0131 kapasitelerde \u00fcretmektedir. Dikey helezon sistemine sahip CHARGER Serisi, \u015fasi tasar\u0131m\u0131 ve hazne kapasiteleriyle \u00f6ne \u00e7\u0131kar. 250\u2019nin \u00fczerinde farkl\u0131 opsiyon ve model ile CHARGER\u2019da imkans\u0131z diye bir \u015fey yok! Yoksa siz liderden daha az\u0131n\u0131 m\u0131 beklerdiniz?<\/p>\n<p>CHARGER Micro Serisi farkl\u0131 kapasite se\u00e7enekleri ile her i\u015fletmenin \u00e7\u00f6z\u00fcm\u00fc oluyor. Kapasitesine \u00f6zg\u00fc helezon sistemleriyle homojen ve kaliteli rasyonlar haz\u0131rlaman\u0131n kolayl\u0131\u011f\u0131n\u0131 sa\u011flayan Micro Serisi, kaba ve kesif yemlerin kar\u0131\u015ft\u0131r\u0131lmas\u0131nda ustal\u0131\u011f\u0131n\u0131 sergiler. Her t\u00fcrl\u00fc zor i\u015fin \u00fcstesinden gelecek kadar g\u00fc\u00e7l\u00fc; hayvanlar\u0131 mutlu edecek kadar etkili. Kar\u0131\u015ft\u0131rmak hi\u00e7 bu kadar e\u011flenceli olmam\u0131\u015ft\u0131&#8230;<\/p>\n<h4>PERFORMANS KONTROL ALTINDA<\/h4>\n<p>Dikey yem karma makinelerinin dezavantaj\u0131 olan y\u00fckseklik, \u00c7elikel m\u00fchendislerinin kompakt tasar\u0131m\u0131yla problem olmaktan \u00e7\u0131kt\u0131. Homojen rasyonlar Charger V Serisi yem karma makinelerinde daha d\u00fc\u015f\u00fck g\u00fc\u00e7 gereksinimi ile haz\u0131rlan\u0131r. Charger V Serisi, taban ve yan duvar sac kal\u0131nl\u0131\u011f\u0131 ile daha uzun \u00f6m\u00fcrl\u00fc olmas\u0131n\u0131n yan\u0131nda; etkili rasyonlar haz\u0131rlayabilecek e\u015fsiz bir helezon tasar\u0131m\u0131na sahiptir. M\u00fckemmel bir b\u00fct\u00fcne ancak e\u015fs\u0130z par\u00e7alar\u0131n birlikte uyum i\u00e7inde kullan\u0131lmas\u0131yla ula\u015fabilirsiniz. \u00c7el\u0130kel\u2019 de d\u00fcnya devler\u0130n\u0130n terc\u0130h\u0130 BREVINI \u015fanz\u0131man\u0131  terc\u0130h ed\u0130yor&#8230;<\/p>\n","protected":false},"excerpt":{"rendered":"<p>Tasar\u0131m, m\u00fchendislik ve stilin kusursuz harman\u0131. Hayvansal \u00fcretim alan\u0131nda faaliyet g\u00f6steren t\u00fcm i\u015fletmelerin ihtiya\u00e7lar\u0131n\u0131 g\u00f6zeten \u00c7elikel, CHARGER Serisi yem karma makinelerini, 0,75 m3\u2019 ten 52 m3\u2019e kadar farkl\u0131 kapasitelerde \u00fcretmektedir. Dikey helezon sistemine sahip CHARGER Serisi, \u015fasi tasar\u0131m\u0131 ve hazne kapasiteleriyle \u00f6ne \u00e7\u0131kar. 250\u2019nin \u00fczerinde farkl\u0131 opsiyon ve model ile CHARGER\u2019da imkans\u0131z diye bir \u015fey [&hellip;]<\/p>\n","protected":false},"featured_media":99,"comment_status":"open","ping_status":"closed","template":"","meta":[],"product_brand":[],"product_cat":[19],"product_tag":[],"class_list":{"0":"post-98","1":"product","2":"type-product","3":"status-publish","4":"has-post-thumbnail","6":"product_cat-yem-karma-makineleri","8":"first","9":"instock","10":"taxable","11":"shipping-taxable","12":"product-type-simple"},"_links":{"self":[{"href":"https:\/\/www.simta.com.tr\/index.php?rest_route=\/wp\/v2\/product\/98","targetHints":{"allow":["GET"]}}],"collection":[{"href":"https:\/\/www.simta.com.tr\/index.php?rest_route=\/wp\/v2\/product"}],"about":[{"href":"https:\/\/www.simta.com.tr\/index.php?rest_route=\/wp\/v2\/types\/product"}],"replies":[{"embeddable":true,"href":"https:\/\/www.simta.com.tr\/index.php?rest_route=%2Fwp%2Fv2%2Fcomments&post=98"}],"wp:featuredmedia":[{"embeddable":true,"href":"https:\/\/www.simta.com.tr\/index.php?rest_route=\/wp\/v2\/media\/99"}],"wp:attachment":[{"href":"https:\/\/www.simta.com.tr\/index.php?rest_route=%2Fwp%2Fv2%2Fmedia&parent=98"}],"wp:term":[{"taxonomy":"product_brand","embeddable":true,"href":"https:\/\/www.simta.com.tr\/index.php?rest_route=%2Fwp%2Fv2%2Fproduct_brand&post=98"},{"taxonomy":"product_cat","embeddable":true,"href":"https:\/\/www.simta.com.tr\/index.php?rest_route=%2Fwp%2Fv2%2Fproduct_cat&post=98"},{"taxonomy":"product_tag","embeddable":true,"href":"https:\/\/www.simta.com.tr\/index.php?rest_route=%2Fwp%2Fv2%2Fproduct_tag&post=98"}],"curies":[{"name":"wp","href":"https:\/\/api.w.org\/{rel}","templated":true}]}}